28198721 prime?
False
Is 100020955 prime?
False
Is 497232829 a prime number?
True
Is 1443313 a prime number?
False
Is 4109571157 a composite number?
False
Is 50387519873 a prime number?
False
Is 9165658513 composite?
True
Is 2332409591 composite?
True
Is 189815293 prime?
False
Is 1872146981 composite?
True
Is 63216884803 a prime number?
True
Is 1443955459 a composite number?
False
Is 7312654 a composite number?
True
Is 41716330421 a composite number?
False
Is 5385968257 composite?
False
Is 4405619671 a prime number?
True
Is 33546302197 prime?
True
Is 38717089 a prime number?
False
Is 9121724081 a composite number?
False
Is 194743061 a prime number?
True
Is 14499068867 prime?
True
Is 66054239 composite?
True
Is 584514187 a prime number?
True
Is 71237234317 prime?
True
Is 1206666463 a composite number?
False
Is 9556888877 composite?
False
Is 5203462513 a prime number?
False
Is 33059987237 prime?
False
Is 8653749095 prime?
False
Is 24404764457 prime?
True
Is 15268537409 composite?
True
Is 660935221 composite?
True
Is 40573173281 prime?
False
Is 340153639291 composite?
False
Is 7450748911 composite?
False
Is 83487807499 a composite number?
False
Is 117765181 a prime number?
False
Is 67230307 a prime number?
True
Is 46527014257 a prime number?
False
Is 2369991971 a prime number?
True
Is 4527175195 a prime number?
False
Is 2007053911 a composite number?
True
Is 2154023303 composite?
False
Is 905305321 a composite number?
False
Is 9495820241 a prime number?
True
Is 35000353 a prime number?
False
Is 349708817 a composite number?
False
Is 72186593107 prime?
True
Is 148399559201 prime?
True
Is 46658996351 prime?
False
Is 55264375297 a prime number?
False
Is 41682366447 a prime number?
False
Is 28233817 a prime number?
False
Is 458554729 a composite number?
False
Is 2183543533 composite?
True
Is 8444978371 prime?
False
Is 3776123749 a prime number?
True
Is 32352805 a composite number?
True
Is 2612319881 a composite number?
False
Is 739502221 a composite number?
False
Is 237306187 a prime number?
False
Is 1923884089 prime?
False
Is 173030111 a prime number?
True
Is 3842303051 prime?
True
Is 9792500323 prime?
True
Is 1176774161 composite?
True
Is 6484156309 a prime number?
False
Is 18022228121 composite?
False
Is 37046602279 a prime number?
True
Is 4399394297 composite?
False
Is 6038045743 a composite number?
False
Is 84884378099 prime?
True
Is 6827636531 a composite number?
True
Is 455757499 composite?
False
Is 449318581 prime?
True
Is 4812163319 composite?
False
Is 16253459 a prime number?
False
Is 14297905813 a prime number?
False
Is 7514836241 composite?
True
Is 47250724151 prime?
True
Is 21992653559 composite?
False
Is 90287458259 composite?
False
Is 1968519477 composite?
True
Is 928919717 composite?
True
Is 64569335569 a prime number?
True
Is 12021625753 composite?
False
Is 53730150979 prime?
True
Is 162144745687 a prime number?
False
Is 80522381 a prime number?
True
Is 268189891 composite?
True
Is 177379413 prime?
False
Is 2242612865 composite?
True
Is 685860419 a composite number?
False
Is 500057171 prime?
False
Is 15089813477 a prime number?
False
Is 6115756979 prime?
True
Is 84008279 composite?
False
Is 26160584053 composite?
False
Is 10521378061 composite?
True
Is 1654139869 prime?
True
Is 3770089657 a prime number?
True
Is 97269999311 a prime number?
True
Is 188881717 a prime number?
False
Is 1182322073 a composite number?
True
Is 15535076617 a prime number?
True
Is 395951533 a composite number?
True
Is 6458776589 a prime number?
True
Is 11549200921 prime?
True
Is 15778999 composite?
False
Is 2604128909 a composite number?
True
Is 369416897 a prime number?
False
Is 100799052877 composite?
True
Is 44331533 a prime number?
True
Is 231376367 prime?
True
Is 14901837649 prime?
True
Is 28349486423 composite?
False
Is 3466875703 a prime number?
False
Is 76271876687 prime?
True
Is 21357136345 composite?
True
Is 11316299591 prime?
False
Is 6934016879 a composite number?
False
Is 5242938539 prime?
True
Is 269956461 a prime number?
False
Is 3072904117 a composite number?
True
Is 4374562307 a prime number?
True
Is 19037406821 composite?
False
Is 54962897009 a prime number?
False
Is 6646710067 prime?
True
Is 731827403 composite?
True
Is 38021640749 prime?
True
Is 1300214969 a composite number?
False
Is 251502157 a prime number?
False
Is 156576008551 prime?
True
Is 12089369323 prime?
False
Is 246951967 prime?
False
Is 2356597003 a composite number?
False
Is 77404759 a prime number?
True
Is 22705671689 composite?
False
Is 2472808501 composite?
False
Is 24207673211 a prime number?
False
Is 183940451 prime?
False
Is 1072336273 composite?
True
Is 2492314333 prime?
False
Is 32204575279 a composite number?
True
Is 2044625449 a prime number?
True
Is 201458317 a prime number?
True
Is 567781051 a prime number?
True
Is 859798057 a composite number?
False
Is 2750772019 composite?
False
Is 648900209 a composite number?
False
Is 14756158477 composite?
False
Is 865534993 prime?
True
Is 52677301763 a composite number?
True
Is 10680027727 a composite number?
False
Is 739463371 composite?
True
Is 53155501463 composite?
True
Is 31259146781 a prime number?
True
Is 2307970817 a composite number?
True
Is 1589989417 composite?
True
Is 4930673063 prime?
True
Is 5640138451 a composite number?
False
Is 6802306449 prime?
False
Is 86242686793 composite?
False
Is 1340023327 a prime number?
False
Is 127516751 a prime number?
True
Is 81585108389 composite?
True
Is 81090151 a prime number?
True
Is 52003538371 a prime number?
True
Is 99336499513 prime?
True
Is 2364383393 a composite number?
False
Is 143929283539 a composite number?
False
Is 21873895885 composite?
True
Is 5127998251 a prime number?
True
Is 6692364491 prime?
False
Is 460539799 a prime number?
True
Is 386671711 a prime number?
False
Is 26566889537 composite?
False
Is 118690638907 a composite number?
False
Is 9160489849 a prime number?
False
Is 13363321679 composite?
False
Is 855258499 a composite number?
False
Is 116114378591 a composite number?
False
Is 51894155249 composite?
True
Is 60619721465 a prime number?
False
Is 18624015523 a prime number?
True
Is 913649239 prime?
False
Is 5501735813 a composite number?
True
Is 134154845339 a prime number?
False
Is 1128979427 a composite number?
True
Is 16797144151 a composite number?
True
Is 206617727 composite?
False
Is 207882617 a composite number?
True
Is 1917045133 a composite number?
True
Is 82495513 a prime number?
False
Is 2139006193 a prime number?
False
Is 22631599369 a prime number?
True
Is 936222629 prime?
True
Is 4031905489 a prime number?
True
Is 334915644935 a composite number?
True
Is 129737723 a prime number?
False
Is 111613193 a composite number?
True
Is 510594449 composite?
True
Is 30343344937 a prime number?
True
Is 323307557 composite?
False
Is 212194739 prime?
False
Is 65765239019 a composite number?
False
Is 4244206189 prime?
True
Is 215373956227 prime?
True
Is 5895641099 prime?
True
Is 22865141993 a prime number?
True
Is 2061177754 composite?
True
Is 12260990891 a composite number?
True
Is 725387083 a prime number?
True
Is 43850021983 composite?
True
Is 82128893291 a composite number?
False
Is 43318217 a composite number?
True
Is 95105221721 a composite number?
False
Is 22903915381 composite?
True
Is 18904919893 prime?
False
Is 44723631497 composite?
True
Is 31756104931 a composite number?
True
Is 492504539 composite?
True
Is 9864038173 a prime number?
False
Is 1135382057 a prime number?
True
Is 1601153419 a prime number?
True
Is 31836156421 a composite number?
False
Is 27893914171 composite?
True
Is 5643675109 prime?
False
Is 291104431 composite?
False
Is 3398476943 composite?
True
Is 1096208917 a prime number?
False
Is 5793729022 prime?
False
Is 7300708671 a composite number?
True
Is 2548792163 prime?
False
Is 1971886723 composite?
False
Is 30896255921 composite?
True
Is 4376597261 composite?
False
Is 353383963 composite?
True
Is 2535580837 prime?
False
Is 3636636883 a composite number?
True
Is 842399717 a prime number?
True
Is 43509712951 a prime number?
False
Is 10708724981 a prime number?
True
Is 218873507 a prime number?
False
Is 44810805779 a prime number?
True
Is 74934260939 a prime number?
False
Is 4545094973 prime?
True
Is 1847713529 prime?
Fals